{"id":29,"date":"2016-08-30T15:51:45","date_gmt":"2016-08-30T14:51:45","guid":{"rendered":"http:\/\/childreninthecloud.org\/?page_id=29"},"modified":"2025-01-27T11:46:13","modified_gmt":"2025-01-27T10:46:13","slug":"fundacion-de-acreditacion-ong-suisse","status":"publish","type":"page","link":"https:\/\/childreninthecloud.org\/es\/accreditation-fondation-ong-suisse\/","title":{"rendered":"Acreditaci\u00f3n"},"content":{"rendered":"<h2 class=\"wp-block-heading\" id=\"h-documents-de-r-f-rence-fondation-children-in-the-cloud\"><strong>Documentos de referencia<\/strong> <strong>Fundaci\u00f3n Children in the Cloud<\/strong><\/h2>\n\n\n\n<p>A continuaci\u00f3n encontrar\u00e1 los principales documentos administrativos de registro y aprobaci\u00f3n de la Fundaci\u00f3n Children in the Cloud ante las autoridades suizas y et\u00edopes. Nuestra Fundaci\u00f3n est\u00e1 aprobada por las autoridades fiscales suizas, lo que le permite ofrecer a sus donantes una deducci\u00f3n fiscal por sus donaciones a partir de 100 CHF. Nuestra Fundaci\u00f3n tambi\u00e9n est\u00e1 reconocida por el <a href=\"https:\/\/www.transnationalgiving.eu\/\" target=\"_blank\" rel=\"noreferrer noopener\">TGE<\/a> que le permite ofrecer la deducci\u00f3n fiscal vigente en su pa\u00eds a los donantes de los principales pa\u00edses europeos. <\/p>\n\n\n\n<hr class=\"wp-block-separator has-css-opacity\"\/>\n\n\n<div class=\"wp-block-image\">\n<figure class=\"alignright\"><a href=\"https:\/\/childreninthecloud.org\/wp-content\/uploads\/2016\/08\/Ethiopie-mai-2016-2128.jpg\"><img decoding=\"async\" width=\"300\" height=\"200\" data-src=\"https:\/\/childreninthecloud.org\/wp-content\/uploads\/2016\/08\/Ethiopie-mai-2016-2128-300x200.jpg\" alt=\"etiop\u00eda-mayo-2016-2128\" class=\"wp-image-117 lazyload\" data-srcset=\"https:\/\/childreninthecloud.org\/wp-content\/uploads\/2016\/08\/Ethiopie-mai-2016-2128-300x200.jpg 300w, https:\/\/childreninthecloud.org\/wp-content\/uploads\/2016\/08\/Ethiopie-mai-2016-2128-768x512.jpg 768w, https:\/\/childreninthecloud.org\/wp-content\/uploads\/2016\/08\/Ethiopie-mai-2016-2128-1024x682.jpg 1024w, https:\/\/childreninthecloud.org\/wp-content\/uploads\/2016\/08\/Ethiopie-mai-2016-2128.jpg 2000w\" data-sizes=\"auto\" src=\"data:image\/svg+xml;base64,PHN2ZyB3aWR0aD0iMSIgaGVpZ2h0PSIxIiB4bWxucz0iaHR0cDovL3d3dy53My5vcmcvMjAwMC9zdmciPjwvc3ZnPg==\" style=\"--smush-placeholder-width: 300px; --smush-placeholder-aspect-ratio: 300\/200;\" data-original-sizes=\"(max-width: 300px) 100vw, 300px\" \/><\/a><\/figure>\n<\/div>\n\n\n<p><strong><br><\/strong><br><a href=\"https:\/\/childreninthecloud.org\/wp-content\/uploads\/2016\/10\/Acte-constitutif-de-la-fondation-Children-in-the-Cloud.pdf\" target=\"_blank\" rel=\"noopener\">documento fundacional de la fundaci\u00f3nChildren in the Cloud<\/a> (PDF - 3,3 MB)<\/p>\n\n\n\n<p><a href=\"https:\/\/childreninthecloud.org\/wp-content\/uploads\/2024\/02\/Decision-dassujettissement-a-la-surveillance-du-DFI.pdf\" target=\"_blank\" rel=\"noreferrer noopener\">decisi\u00f3n de someterse a la supervisi\u00f3n de la impugnaci\u00f3n<\/a>(PDF - 1,4 MB)<\/p>\n\n\n\n<p><a href=\"https:\/\/childreninthecloud.org\/wp-content\/uploads\/2016\/08\/Extrait-du-registre-du-commerce-du-canton-de-Vaud-Suisse.pdf\" target=\"_blank\" rel=\"noopener\">extracto-del-registro-comercial-del-cant\u00f3n-de-vaud-Suisse<\/a> (PDF - 1,2 MB)<\/p>\n\n\n\n<p><a href=\"https:\/\/childreninthecloud.org\/wp-content\/uploads\/2024\/02\/20230513-PV-CF-consultation-organe-de-revision-p1.pdf\" target=\"_blank\" rel=\"noreferrer noopener\">\u00f3rgano de revisi\u00f3n<\/a>n (PDF - 1,5 MB)<\/p>\n\n\n\n<p><a href=\"https:\/\/childreninthecloud.org\/wp-content\/uploads\/2016\/08\/Publication-dans-la-Feuille-Officielle-suisse-de-Commerce.pdf\" target=\"_blank\" rel=\"noopener\">publicaci\u00f3n-en-la-hoja-oficial-de-comercio-suizo<\/a> (PDF - 490 KB)<\/p>\n\n\n\n<p><a href=\"https:\/\/childreninthecloud.org\/wp-content\/uploads\/2016\/12\/20161209-modif-status-FCC.pdf\">20161209 modificaci\u00f3n estatuto FCC<\/a>&nbsp; (PDF 1.8 MB)<\/p>\n\n\n\n<p><a href=\"https:\/\/childreninthecloud.org\/wp-content\/uploads\/2017\/01\/Exon\u00e9ration-fiscale-de-la-fondation.pdf\">Exenci\u00f3n de impuestos de la fundaci\u00f3n<\/a>&nbsp;(PDF 1.8 MB)<\/p>\n\n\n\n<p><a href=\"https:\/\/childreninthecloud.org\/wp-content\/uploads\/2017\/01\/D\u00e9ductibilit\u00e9-des-imp\u00f4ts-pour-les-donateurs.pdf\">Deducci\u00f3n fiscal para donantes<\/a>&nbsp;(PDF 24 Kb)<\/p>\n\n\n\n<p><a href=\"https:\/\/childreninthecloud.org\/wp-content\/uploads\/2017\/12\/20170726-FCC-r\u00e8glement-interne-17.pdf\">20170726 Reglamento interno de la FCC 17<\/a> (PDF 1,7 MB)<\/p>\n\n\n\n<p><a href=\"https:\/\/www.edi.admin.ch\/edi\/fr\/home\/fachstellen\/eidgenoessische-stiftungsaufsicht\/stiftungsverzeichnis.exturl.html\/aHR0cHM6Ly9lc3YuZGVpbW9zLmNoL0hvbWUvUmVzdWx0cw==.html?Keyword=children+in+the+cloud&amp;TopicId=&amp;Lang=fr\">Supervisi\u00f3n de fundaciones DFI<\/a><\/p>\n\n\n\n<p><a href=\"https:\/\/childreninthecloud.org\/wp-content\/uploads\/2018\/02\/certificat-enregistrement-ethiopie.jpg\" target=\"_blank\" rel=\"noopener\">Registro y licencia emitidos por la Agencia de Sociedad y Caridad de Etiop\u00eda<\/a><\/p>\n\n\n\n<hr class=\"wp-block-separator has-css-opacity\"\/>","protected":false},"excerpt":{"rendered":"<p>Documentos de referencia Fundaci\u00f3n Children in the Cloud A continuaci\u00f3n encontrar\u00e1 los principales documentos administrativos para el registro y la aprobaci\u00f3n de la Fundaci\u00f3n Children in the Cloud por parte de las autoridades suizas y et\u00edopes. Nuestra Fundaci\u00f3n est\u00e1 aprobada por las autoridades fiscales suizas, lo que le permite ofrecer a sus donantes una deducci\u00f3n fiscal por sus donaciones a partir de 100 CHF. Nuestra Fundaci\u00f3n ... <\/p>","protected":false},"author":1,"featured_media":0,"parent":0,"menu_order":0,"comment_status":"closed","ping_status":"closed","template":"","meta":{"footnotes":""},"class_list":["post-29","page","type-page","status-publish","hentry","latest_post"],"_links":{"self":[{"href":"https:\/\/childreninthecloud.org\/es\/wp-json\/wp\/v2\/pages\/29","targetHints":{"allow":["GET"]}}],"collection":[{"href":"https:\/\/childreninthecloud.org\/es\/wp-json\/wp\/v2\/pages"}],"about":[{"href":"https:\/\/childreninthecloud.org\/es\/wp-json\/wp\/v2\/types\/page"}],"author":[{"embeddable":true,"href":"https:\/\/childreninthecloud.org\/es\/wp-json\/wp\/v2\/users\/1"}],"replies":[{"embeddable":true,"href":"https:\/\/childreninthecloud.org\/es\/wp-json\/wp\/v2\/comments?post=29"}],"version-history":[{"count":0,"href":"https:\/\/childreninthecloud.org\/es\/wp-json\/wp\/v2\/pages\/29\/revisions"}],"wp:attachment":[{"href":"https:\/\/childreninthecloud.org\/es\/wp-json\/wp\/v2\/media?parent=29"}],"curies":[{"name":"wp","href":"https:\/\/api.w.org\/{rel}","templated":true}]}}

Acreditación

<h2 class="wp-block-heading" id="h-documents-de-r-f-rence-fondation-children-in-the-cloud"><strong>Documentos de referencia</strong> <strong>Fundación Children in the Cloud</strong></h2>



<p>A continuación encontrará los principales documentos administrativos de registro y aprobación de la Fundación Children in the Cloud ante las autoridades suizas y etíopes. Nuestra Fundación está aprobada por las autoridades fiscales suizas, lo que le permite ofrecer a sus donantes una deducción fiscal por sus donaciones a partir de 100 CHF. Nuestra Fundación también está reconocida por el <a href="https://www.transnationalgiving.eu/" target="_blank" rel="noreferrer noopener">TGE</a> que le permite ofrecer la deducción fiscal vigente en su país a los donantes de los principales países europeos. </p>



<hr class="wp-block-separator has-css-opacity"/>


<div class="wp-block-image">
<figure class="alignright"><a href="https://childreninthecloud.org/wp-content/uploads/2016/08/Ethiopie-mai-2016-2128.jpg"><img decoding="async" width="300" height="200" data-src="https://childreninthecloud.org/wp-content/uploads/2016/08/Ethiopie-mai-2016-2128-300x200.jpg" alt="etiopía-mayo-2016-2128" class="wp-image-117 lazyload" data-srcset="https://childreninthecloud.org/wp-content/uploads/2016/08/Ethiopie-mai-2016-2128-300x200.jpg 300w, https://childreninthecloud.org/wp-content/uploads/2016/08/Ethiopie-mai-2016-2128-768x512.jpg 768w, https://childreninthecloud.org/wp-content/uploads/2016/08/Ethiopie-mai-2016-2128-1024x682.jpg 1024w, https://childreninthecloud.org/wp-content/uploads/2016/08/Ethiopie-mai-2016-2128.jpg 2000w" data-sizes="auto" src="data:image/svg+xml;base64,PHN2ZyB3aWR0aD0iMSIgaGVpZ2h0PSIxIiB4bWxucz0iaHR0cDovL3d3dy53My5vcmcvMjAwMC9zdmciPjwvc3ZnPg==" style="--smush-placeholder-width: 300px; --smush-placeholder-aspect-ratio: 300/200;" data-original-sizes="(max-width: 300px) 100vw, 300px" /></a></figure>
</div>


<p><strong><br></strong><br><a href="https://childreninthecloud.org/wp-content/uploads/2016/10/Acte-constitutif-de-la-fondation-Children-in-the-Cloud.pdf" target="_blank" rel="noopener">documento fundacional de la fundaciónChildren in the Cloud</a> (PDF - 3,3 MB)</p>



<p><a href="https://childreninthecloud.org/wp-content/uploads/2024/02/Decision-dassujettissement-a-la-surveillance-du-DFI.pdf" target="_blank" rel="noreferrer noopener">decisión de someterse a la supervisión de la impugnación</a>(PDF - 1,4 MB)</p>



<p><a href="https://childreninthecloud.org/wp-content/uploads/2016/08/Extrait-du-registre-du-commerce-du-canton-de-Vaud-Suisse.pdf" target="_blank" rel="noopener">extracto-del-registro-comercial-del-cantón-de-vaud-Suisse</a> (PDF - 1,2 MB)</p>



<p><a href="https://childreninthecloud.org/wp-content/uploads/2024/02/20230513-PV-CF-consultation-organe-de-revision-p1.pdf" target="_blank" rel="noreferrer noopener">órgano de revisión</a>n (PDF - 1,5 MB)</p>



<p><a href="https://childreninthecloud.org/wp-content/uploads/2016/08/Publication-dans-la-Feuille-Officielle-suisse-de-Commerce.pdf" target="_blank" rel="noopener">publicación-en-la-hoja-oficial-de-comercio-suizo</a> (PDF - 490 KB)</p>



<p><a href="https://childreninthecloud.org/wp-content/uploads/2016/12/20161209-modif-status-FCC.pdf">20161209 modificación estatuto FCC</a>&nbsp; (PDF 1.8 MB)</p>



<p><a href="https://childreninthecloud.org/wp-content/uploads/2017/01/Exonération-fiscale-de-la-fondation.pdf">Exención de impuestos de la fundación</a>&nbsp;(PDF 1.8 MB)</p>



<p><a href="https://childreninthecloud.org/wp-content/uploads/2017/01/Déductibilité-des-impôts-pour-les-donateurs.pdf">Deducción fiscal para donantes</a>&nbsp;(PDF 24 Kb)</p>



<p><a href="https://childreninthecloud.org/wp-content/uploads/2017/12/20170726-FCC-règlement-interne-17.pdf">20170726 Reglamento interno de la FCC 17</a> (PDF 1,7 MB)</p>



<p><a href="https://www.edi.admin.ch/edi/fr/home/fachstellen/eidgenoessische-stiftungsaufsicht/stiftungsverzeichnis.exturl.html/aHR0cHM6Ly9lc3YuZGVpbW9zLmNoL0hvbWUvUmVzdWx0cw==.html?Keyword=children+in+the+cloud&amp;TopicId=&amp;Lang=fr">Supervisión de fundaciones DFI</a></p>



<p><a href="https://childreninthecloud.org/wp-content/uploads/2018/02/certificat-enregistrement-ethiopie.jpg" target="_blank" rel="noopener">Registro y licencia emitidos por la Agencia de Sociedad y Caridad de Etiopía</a></p>



<hr class="wp-block-separator has-css-opacity"/>

<p>Documentos de referencia Fundación Children in the Cloud A continuación encontrará los principales documentos administrativos para el registro y la aprobación de la Fundación Children in the Cloud por parte de las autoridades suizas y etíopes. Nuestra Fundación está aprobada por las autoridades fiscales suizas, lo que le permite ofrecer a sus donantes una deducción fiscal por sus donaciones a partir de 100 CHF. Nuestra Fundación ... </p>
